the hundred thousands digit of 2049140853?
1
What is the thousands digit of 97854914?
4
What is the millions digit of 80296923?
0
What is the thousands digit of 7401856907?
6
What is the units digit of 141033378?
8
What is the hundreds digit of 1417120477?
4
What is the hundred thousands digit of 149905941?
9
What is the units digit of 346517340?
0
What is the thousands digit of 46258494?
8
What is the thousands digit of 212870267?
0
What is the units digit of 1473705746?
6
What is the hundred thousands digit of 190877934?
8
What is the billions digit of 1189018963?
1
What is the tens digit of 555505822?
2
What is the tens digit of 311602043?
4
What is the ten millions digit of 115358631?
1
What is the thousands digit of 115975739?
5
What is the hundreds digit of 805424304?
3
What is the hundred millions digit of 916904252?
9
What is the ten millions digit of 245540261?
4
What is the hundreds digit of 95225791?
7
What is the hundred thousands digit of 28184007?
1
What is the hundreds digit of 293356042?
0
What is the hundred thousands digit of 133218780?
2
What is the tens digit of 637316850?
5
What is the tens digit of 110542564?
6
What is the ten millions digit of 219601935?
1
What is the hundred thousands digit of 1874256019?
2
What is the ten thousands digit of 2421561205?
6
What is the hundred millions digit of 5663809671?
6
What is the ten millions digit of 531089140?
3
What is the units digit of 88476598?
8
What is the hundred thousands digit of 98256710?
2
What is the millions digit of 27813746?
7
What is the units digit of 56283458?
8
What is the hundred millions digit of 4000316406?
0
What is the hundred thousands digit of 200070409?
0
What is the tens digit of 161453818?
1
What is the millions digit of 123576421?
3
What is the millions digit of 77858750?
7
What is the thousands digit of 108333041?
3
What is the millions digit of 1502688407?
2
What is the hundreds digit of 1537133212?
2
What is the hundred thousands digit of 314365927?
3
What is the ten millions digit of 45897872?
4
What is the tens digit of 521945000?
0
What is the millions digit of 960503544?
0
What is the hundred thousands digit of 490337520?
3
What is the units digit of 240375900?
0
What is the tens digit of 8226905?
0
What is the thousands digit of 71495863?
5
What is the millions digit of 35845694?
5
What is the hundreds digit of 1215261937?
9
What is the millions digit of 79869779?
9
What is the ten millions digit of 2577335542?
7
What is the millions digit of 567643737?
7
What is the hundreds digit of 162566997?
9
What is the hundred millions digit of 213564367?
2
What is the ten thousands digit of 173413419?
1
What is the units digit of 90762039?
9
What is the hundred thousands digit of 874495230?
4
What is the tens digit of 813963752?
5
What is the ten thousands digit of 4362514?
6
What is the hundred thousands digit of 141887503?
8
What is the ten thousands digit of 117478699?
7
What is the hundred millions digit of 846341155?
8
What is the units digit of 240232326?
6
What is the ten millions digit of 390821230?
9
What is the tens digit of 6363881?
8
What is the millions digit of 3966065106?
6
What is the millions digit of 487442198?
7
What is the hundred thousands digit of 731480221?
4
What is the hundred millions digit of 1788378286?
7
What is the hundred thousands digit of 60093785?
0
What is the thousands digit of 6874052182?
2
What is the millions digit of 3442405295?
2
What is the hundred millions digit of 553503428?
5
What is the hundreds digit of 413157857?
8
What is the hundred thousands digit of 76187691?
1
What is the hundreds digit of 39065739?
7
What is the units digit of 173531800?
0
What is the ten millions digit of 299167543?
9
What is the tens digit of 149135697?
9
What is the thousands digit of 2057820246?
0
What is the billions digit of 1264650202?
1
What is the hundred millions digit of 128720786?
1
What is the hundred thousands digit of 97593578?
5
What is the ten thousands digit of 16960467?
6
What is the units digit of 147656504?
4
What is the thousands digit of 205298853?
8
What is the tens digit of 1224072906?
0
What is the thousands digit of 8642513?
2
What is the thousands digit of 76400035?
0
What is the millions digit of 2369263214?
9
What is the thousands digit of 646052273?
2
What is the hundred thousands digit of 33811603?
8
What is the tens digit of 9663249?
4
What is the millions digit of 672457293?
2
What is the tens digit of 129159533?
3
What is the ten millions digit of 1983610021?
8
What is the ten thousands digit of 743816126?
1
What is the hundred millions digit of 628907320?
6
What is the billions digit of 2657280093?
2
What is the units digit of 991488570?
0
What is the billions digit of 1028544627?
1
What is the hundred thousands digit of 540809723?
8
What is the ten millions digit of 92107557?
9
What is the thousands digit of 997254652?
4
What is the ten millions digit of 23811962?
2
What is the hundreds digit of 425934292?
2
What is the hundreds digit of 112769096?
0
What is the millions digit of 4282152?
4
What is the ten thousands digit of 1114155988?
5
What is the tens digit of 24148722?
2
What is the hundred thousands digit of 83498826?
4
What is the thousands digit of 599225509?
5
What is the tens digit of 71342527?
2
What is the thousands digit of 39458272?
8
What is the units digit of 212266405?
5
What is the ten millions digit of 15193998?
1
What is the ten millions digit of 27548357?
2
What is the units digit of 909235682?
2
What is the tens digit of 353865612?
1
What is the hundreds digit of 674586881?
8
What is the units digit of 153529830?
0
What is the millions digit of 2489453448?
9
What is the ten millions digit of 189171873?
8
What is the hundred thousands digit of 1324726369?
7
What is the ten millions digit of 17906874?
1
What is the hundred thousands digit of 371914192?
9
What is the thousands digit of 4137044354?
4
What is the hundred thousands digit of 345792733?
7
What is the hundreds digit of 188213267?
2
What is the hundred thousands digit of 181738369?
7
What is the hundreds digit of 873548657?
6
What is the millions digit of 602441170?
2
What is the tens digit of 40526016?
1
What is the thousands digit of 4346429201?
9
What is the tens digit of 102418773?
7
What is the units digit of 500661510?
0
What is the hundreds digit of 24071565?
5
What is the hundred thousands digit of 640921811?
9
What is the hundreds digit of 2436510128?
1
What is the hundred thousands digit of 1326526891?
5
What is the millions digit of 471270775?
1
What is the units digit of 1986301400?
0
What is the thousands digit of 2462368025?
8
What is the hundred millions digit of 462611385?
4
What is the hundred thousands digit of 7303498?
3
What is the millions digit of 155687766?
5
What is the tens digit of 1132507551?
5
What is the ten millions digit of 42456180?
4
What is the tens digit of 54345555?
5
What is the thousands digit of 362701271?
1
What is the units digit of 2493356079?
9
What is the hundred millions digit of 251250950?
2
What is the ten millions digit of 823361859?
2
What is the tens digit of 160020037?
3
What is the ten millions digit of 55429769?
5
What is the ten millions digit of 33528649?
3
What is the millions digit of 18615426?
8
What is the thousands digit of 1098437468?
7
What is the ten thousands digit of 2210277068?
7
What is the hundreds digit of 11812634?
6
What is the tens digit of 19527415?
1
What is the thousands digit of 28493226?
3
What is the tens digit of 4736580977?
7
What is the hundred thousands digit of 2816487597?
4
What is the hundred thousands digit of 4170926591?
9
What is the hundred millions digit of 507425099?
5
What is the ten thousands digit of 1617169709?
6
What is the tens digit of 393715283?
8
What is the millions digit of 564002622?
4
What is the hundred thousands digit of 342472823?
4
What is the millions digit of 94186203?
4
What is the hundred thousands digit of 1475705780?
7
What is the hundreds digit of 1082846536?
5
What is the tens digit of 506856415?
1
What is the thousands digit of 158723556?
3
What is the tens digit of 1235178700?
0
What is the thousands digit of 647165424?
5
What is the hundreds digit of 1022490937?
9
What is the hundred thousands d